{"id":309,"date":"2019-02-02T09:51:17","date_gmt":"2019-02-02T08:51:17","guid":{"rendered":"http:\/\/www.waldschutz-pasching.at\/?page_id=309"},"modified":"2019-02-24T15:42:10","modified_gmt":"2019-02-24T14:42:10","slug":"statements","status":"publish","type":"page","link":"https:\/\/www.waldschutz-pasching.at\/?page_id=309","title":{"rendered":"Meinungen aus Pasching"},"content":{"rendered":"\n<p style=\"background-color:#ccf0b2\" class=\"has-background\">Beim Sammeln der Unterschriften f\u00fcr den Erhalt der Waldfl\u00e4chen beim Waldstadion haben uns viele Bewohner und Bewohnerinnen ihre Geschichte und ihre Eindr\u00fccke geschildert. Dieses Stimmungsbild m\u00f6chten wir hier widergeben, wir \u00fcbernehmen jedoch keine Verantwortung f\u00fcr den Inhalt der Aussagen.<\/p>\n\n\n\n<p><em>04.01.2019: Ich wohnte seit meiner Geburt bis 1970 hier in Wagram. Fr\u00fcher war es ein idyllisches Wohnen umgeben vom gro\u00dfen F\u00f6hrenwald und inmitten von Feldern. Davon ist nichts mehr \u00fcbrig, ganz im Gegenteil!<\/em><\/p>\n\n\n\n<p><em>27.12.2018: Seitens der Gemeinde gab es keinerlei\nInformation. Wenn die Medien nicht \u00fcber die Unterschriftenaktion und die\nB\u00fcrgerinitiative berichtet h\u00e4tten w\u00fcsste ich bis heute nichts. Und ich wohne\nseit meiner Geburt in der Sch\u00f6ppfeldsiedlung, bin daher direkt betroffen. <\/em><\/p>\n\n\n\n<p><em>25.12.2018: Seit 1959 ist Wagram mein zuhause. Damals war hier ein gro\u00dfer F\u00f6hrenwald mit hohen B\u00e4umen, der eingez\u00e4unt war. 1991 nach dem heftigen Sturm, wo viel Schnee war und starker Regen kam, sind fast die ganzen B\u00e4ume umgefallen. Es wurde dann aufger\u00e4umt, jedoch nicht wie angek\u00fcndigt wieder aufgeforstet. Und jetzt w\u00fcrde sich sch\u00f6n langsam der Wald erholen und da kommen \u201edie\u201c und wollen roden. Und jetzt f\u00fcrchte ich mich schon vor dem L\u00e4rm, wenn sie \u00fcben. Und dort, wo jetzt das Stadion steht war ein wundersch\u00f6nes Mohnfeld.<\/em><\/p>\n\n\n\n<p><em>25.12.2018: Sp\u00e4testens seitdem sie das 400 m\u00b2 VIP-Zelt auf das 8000 m\u00b2 Fu\u00dfballfeld gestellt haben und es f\u00fcr den Normalbetrieb unbrauchbar gemacht haben, muss doch jedem klar sein, welche Leute da am Werken sind. Ich hoffe nur noch, dass nie ein Feuer, Panik oder ein Unfall passiert &#8211; f\u00fcr die Zufahrt brauchen die Einsatzkr\u00e4fte zumindest ein St\u00fcckerl der schmalen Poststra\u00dfe. Schon 2 Autos reichen da, dass nichts mehr geht. Aber eure Aktion unterschreibe ich.<\/em><\/p>\n\n\n\n<p><em>25.12.2018: Wir wohnen seit 1970 hier. An den Sturm 1991 kann ich mich auch noch gut erinnern. Da haben sie schon ein bisschen aufgeforstet, jedoch nur am Rand, damit es von au\u00dfen gut aussieht. 30 Jahre wurde der Wald nicht gepflegte, darum schau er jetzt so aus. W\u00fcrde das Stadion auch 30 Jahre nicht gepflegt, sehe es auch so aus!<br>Die verparken jetzt schon alles bei Veranstaltungen. Wenn ein Brand ausbricht k\u00f6nnte die Feuerwehr gar nicht zufahren. Und der L\u00e4rm ist auch gro\u00df. Au\u00dferdem lassen einen die Ordner nicht einmal zu Fu\u00df durch die Siedlung gehen, dann muss man einen betr\u00e4chtlichen Umweg gehen. <br>Und die Pestizide die sich auf die sie immer auf die Fu\u00dfballfelder spritzen. Was ist mit unserem Trinkwasser? Au\u00dferdem bek\u00e4me ich nach dem geplanten Bau viel weniger Geld f\u00fcr mein Haus, wenn ich es einmal verkaufen w\u00fcrde. Dies w\u00e4re eine gro\u00dfe Wertminderung!<\/em><\/p>\n\n\n\n<p><em>2018 KW 51: Wieso wollen die das denn hier bei uns\nbauen? Wenn der LASK in Pichling ist braucht das hier doch eh keiner mehr\u2026<\/em><\/p>\n\n\n\n<p><em>2018 KW 51: Ich bin dagegen, weil hier \u00fcberall der Wald immer weniger wird. Auch bei uns im Langholzfeld haben sie sich so lange nicht um den &#8222;Erholungswald&#8220; gek\u00fcmmert bis der K\u00e4fer in vielen B\u00e4umen war und dann haben sie gleich fast alle B\u00e4ume gef\u00e4llt. Schauen sie sich an wie armselig der Wald jetzt aussieht!<\/em><\/p>\n\n\n\n<p><em>2018 KW 51: Es ist ein Drama. Ich nutze den Wald vor\ndem Flughafen zum Spazierengehen. Der wird nicht gepflegt und verschwindet\nimmer mehr\u2026<\/em><\/p>\n\n\n\n<p><em>2018 KW 51: <\/em><em>Wenn ich in der neuen\nGemeindezeitung lese, dass die Paschinger in den 60ern nur von einem Stadion\ntr\u00e4umen konnten, da kann ich nur den Kopf sch\u00fctteln. Damals waren da ein paar\n100 Leute. Das Stadion wollte hier nie jemand. Wir sind doch nur der billige\nErsatz f\u00fcr Linz, weil sie dort nicht zu allen W\u00fcnschen h\u00fcpfen. Das Stadion ist\nein Alptraum. Was mein Haus noch Wert ist, wenn wir das Fu\u00dfballzentrum f\u00fcr ganz\nOber\u00f6sterreich sind, da fragt mich niemand.<\/em><\/p>\n\n\n\n<p><em>2018 KW 51: Ich unterschreibe nicht, es ist ja eh\nsinnlos. Ich lebe schon so lange hier und die Politiker machen immer das was\nsie wollen. Die k\u00fcmmern wir B\u00fcrger nicht!<\/em><\/p>\n\n\n\n<p><em>2018 KW 50: Es ist ein Wahnsinn wie heutzutage immer\nnoch mit unserer Umwelt umgegangen wird. Wir haben ja eh fast keinen Wald mehr\u2026<\/em><\/p>\n\n\n\n<p><em>2018 KW 50: Es ist besorgniserregend, wenn die ganze\nSiedlung zugeparkt ist. Im Notfall kommen weder die Rettung und die Feuerwehr\ndurch. Das hatten wir ja schon, ist damals jedoch Gott sei Dank gerade noch gut\nausgegangen!<\/em><\/p>\n\n\n\n<p><em>2018 KW 50: Die Licht- und L\u00e4rmbel\u00e4stigung ist ja\njetzt bereits bei Veranstaltungen extrem. Obwohl damals, vor der Errichtung der\nSportst\u00e4tte der B\u00fcrgermeister versicherte: F\u00fcr die Anrainer wird sich nichts\n\u00e4ndern!<\/em><\/p>\n\n\n\n<p><em>2018 KW 50: Die sind ja verr\u00fcckt. Die Wohnqualit\u00e4t\nunserer Siedlung wird zusehends schlechter\u2026<\/em><\/p>\n\n\n\n<p><em>2018 KW 50: Ich habe es in meiner Kindheit genossen genau in diesem Wald alles zu erkunden oder verstecken zu spielen. Damals waren weniger Autos unterwegs und meine Eltern lie\u00dfen mich einfach. Heute haben Kinder kaum noch so was in der Nachbarschaft. Die sehen die Sachen vielleicht noch in einem Buch. <\/em><br><em>Wenn ein Kind Angst hat vor dem Monster, das da drau\u00dfen ruft und stampft, kannst du ihm nicht einfach sagen &#8222;die spielen nur&#8220;. Wegh\u00f6ren und Schlafen? Das war einer der Gr\u00fcnde warum ich weggezogen bin. Es ist besser so.<\/em><\/p>\n\n\n\n<p><em>2018 KW 50: Die sollen dort den Sport f\u00f6rdern wo auch\ngenug Platz ist, da gibt es ja genug M\u00f6glichkeiten: Linzer Stadion, HAKA Arena\nin Traun\u2026<\/em><\/p>\n","protected":false},"excerpt":{"rendered":"<p>Beim Sammeln der Unterschriften f\u00fcr den Erhalt der Waldfl\u00e4chen beim Waldstadion haben uns viele Bewohner und Bewohnerinnen ihre Geschichte und ihre Eindr\u00fccke geschildert. Dieses Stimmungsbild m\u00f6chten wir hier widergeben, wir \u00fcbernehmen jedoch keine Verantwortung f\u00fcr den Inhalt der Aussagen. 04.01.2019: Ich wohnte seit meiner Geburt bis 1970 hier in Wagram. Fr\u00fcher war es ein idyllisches &hellip; <\/p>\n<p class=\"link-more\"><a href=\"https:\/\/www.waldschutz-pasching.at\/?page_id=309\" class=\"more-link\"><span class=\"screen-reader-text\">\u201eMeinungen aus Pasching\u201c <\/span>weiterlesen<\/a><\/p>\n","protected":false},"author":1,"featured_media":0,"parent":127,"menu_order":0,"comment_status":"closed","ping_status":"closed","template":"","meta":{"ngg_post_thumbnail":0,"footnotes":""},"class_list":["post-309","page","type-page","status-publish","hentry"],"_links":{"self":[{"href":"https:\/\/www.waldschutz-pasching.at\/index.php?rest_route=\/wp\/v2\/pages\/309","targetHints":{"allow":["GET"]}}],"collection":[{"href":"https:\/\/www.waldschutz-pasching.at\/index.php?rest_route=\/wp\/v2\/pages"}],"about":[{"href":"https:\/\/www.waldschutz-pasching.at\/index.php?rest_route=\/wp\/v2\/types\/page"}],"author":[{"embeddable":true,"href":"https:\/\/www.waldschutz-pasching.at\/index.php?rest_route=\/wp\/v2\/users\/1"}],"replies":[{"embeddable":true,"href":"https:\/\/www.waldschutz-pasching.at\/index.php?rest_route=%2Fwp%2Fv2%2Fcomments&post=309"}],"version-history":[{"count":7,"href":"https:\/\/www.waldschutz-pasching.at\/index.php?rest_route=\/wp\/v2\/pages\/309\/revisions"}],"predecessor-version":[{"id":366,"href":"https:\/\/www.waldschutz-pasching.at\/index.php?rest_route=\/wp\/v2\/pages\/309\/revisions\/366"}],"up":[{"embeddable":true,"href":"https:\/\/www.waldschutz-pasching.at\/index.php?rest_route=\/wp\/v2\/pages\/127"}],"wp:attachment":[{"href":"https:\/\/www.waldschutz-pasching.at\/index.php?rest_route=%2Fwp%2Fv2%2Fmedia&parent=309"}],"curies":[{"name":"wp","href":"https:\/\/api.w.org\/{rel}","templated":true}]}}

<p style="background-color:#ccf0b2" class="has-background">Beim Sammeln der Unterschriften für den Erhalt der Waldflächen beim Waldstadion haben uns viele Bewohner und Bewohnerinnen ihre Geschichte und ihre Eindrücke geschildert. Dieses Stimmungsbild möchten wir hier widergeben, wir übernehmen jedoch keine Verantwortung für den Inhalt der Aussagen.</p>



<p><em>04.01.2019: Ich wohnte seit meiner Geburt bis 1970 hier in Wagram. Früher war es ein idyllisches Wohnen umgeben vom großen Föhrenwald und inmitten von Feldern. Davon ist nichts mehr übrig, ganz im Gegenteil!</em></p>



<p><em>27.12.2018: Seitens der Gemeinde gab es keinerlei
Information. Wenn die Medien nicht über die Unterschriftenaktion und die
Bürgerinitiative berichtet hätten wüsste ich bis heute nichts. Und ich wohne
seit meiner Geburt in der Schöppfeldsiedlung, bin daher direkt betroffen. </em></p>



<p><em>25.12.2018: Seit 1959 ist Wagram mein zuhause. Damals war hier ein großer Föhrenwald mit hohen Bäumen, der eingezäunt war. 1991 nach dem heftigen Sturm, wo viel Schnee war und starker Regen kam, sind fast die ganzen Bäume umgefallen. Es wurde dann aufgeräumt, jedoch nicht wie angekündigt wieder aufgeforstet. Und jetzt würde sich schön langsam der Wald erholen und da kommen „die“ und wollen roden. Und jetzt fürchte ich mich schon vor dem Lärm, wenn sie üben. Und dort, wo jetzt das Stadion steht war ein wunderschönes Mohnfeld.</em></p>



<p><em>25.12.2018: Spätestens seitdem sie das 400 m² VIP-Zelt auf das 8000 m² Fußballfeld gestellt haben und es für den Normalbetrieb unbrauchbar gemacht haben, muss doch jedem klar sein, welche Leute da am Werken sind. Ich hoffe nur noch, dass nie ein Feuer, Panik oder ein Unfall passiert &#8211; für die Zufahrt brauchen die Einsatzkräfte zumindest ein Stückerl der schmalen Poststraße. Schon 2 Autos reichen da, dass nichts mehr geht. Aber eure Aktion unterschreibe ich.</em></p>



<p><em>25.12.2018: Wir wohnen seit 1970 hier. An den Sturm 1991 kann ich mich auch noch gut erinnern. Da haben sie schon ein bisschen aufgeforstet, jedoch nur am Rand, damit es von außen gut aussieht. 30 Jahre wurde der Wald nicht gepflegte, darum schau er jetzt so aus. Würde das Stadion auch 30 Jahre nicht gepflegt, sehe es auch so aus!<br>Die verparken jetzt schon alles bei Veranstaltungen. Wenn ein Brand ausbricht könnte die Feuerwehr gar nicht zufahren. Und der Lärm ist auch groß. Außerdem lassen einen die Ordner nicht einmal zu Fuß durch die Siedlung gehen, dann muss man einen beträchtlichen Umweg gehen. <br>Und die Pestizide die sich auf die sie immer auf die Fußballfelder spritzen. Was ist mit unserem Trinkwasser? Außerdem bekäme ich nach dem geplanten Bau viel weniger Geld für mein Haus, wenn ich es einmal verkaufen würde. Dies wäre eine große Wertminderung!</em></p>



<p><em>2018 KW 51: Wieso wollen die das denn hier bei uns
bauen? Wenn der LASK in Pichling ist braucht das hier doch eh keiner mehr…</em></p>



<p><em>2018 KW 51: Ich bin dagegen, weil hier überall der Wald immer weniger wird. Auch bei uns im Langholzfeld haben sie sich so lange nicht um den &#8222;Erholungswald&#8220; gekümmert bis der Käfer in vielen Bäumen war und dann haben sie gleich fast alle Bäume gefällt. Schauen sie sich an wie armselig der Wald jetzt aussieht!</em></p>



<p><em>2018 KW 51: Es ist ein Drama. Ich nutze den Wald vor
dem Flughafen zum Spazierengehen. Der wird nicht gepflegt und verschwindet
immer mehr…</em></p>



<p><em>2018 KW 51: </em><em>Wenn ich in der neuen
Gemeindezeitung lese, dass die Paschinger in den 60ern nur von einem Stadion
träumen konnten, da kann ich nur den Kopf schütteln. Damals waren da ein paar
100 Leute. Das Stadion wollte hier nie jemand. Wir sind doch nur der billige
Ersatz für Linz, weil sie dort nicht zu allen Wünschen hüpfen. Das Stadion ist
ein Alptraum. Was mein Haus noch Wert ist, wenn wir das Fußballzentrum für ganz
Oberösterreich sind, da fragt mich niemand.</em></p>



<p><em>2018 KW 51: Ich unterschreibe nicht, es ist ja eh
sinnlos. Ich lebe schon so lange hier und die Politiker machen immer das was
sie wollen. Die kümmern wir Bürger nicht!</em></p>



<p><em>2018 KW 50: Es ist ein Wahnsinn wie heutzutage immer
noch mit unserer Umwelt umgegangen wird. Wir haben ja eh fast keinen Wald mehr…</em></p>



<p><em>2018 KW 50: Es ist besorgniserregend, wenn die ganze
Siedlung zugeparkt ist. Im Notfall kommen weder die Rettung und die Feuerwehr
durch. Das hatten wir ja schon, ist damals jedoch Gott sei Dank gerade noch gut
ausgegangen!</em></p>



<p><em>2018 KW 50: Die Licht- und Lärmbelästigung ist ja
jetzt bereits bei Veranstaltungen extrem. Obwohl damals, vor der Errichtung der
Sportstätte der Bürgermeister versicherte: Für die Anrainer wird sich nichts
ändern!</em></p>



<p><em>2018 KW 50: Die sind ja verrückt. Die Wohnqualität
unserer Siedlung wird zusehends schlechter…</em></p>



<p><em>2018 KW 50: Ich habe es in meiner Kindheit genossen genau in diesem Wald alles zu erkunden oder verstecken zu spielen. Damals waren weniger Autos unterwegs und meine Eltern ließen mich einfach. Heute haben Kinder kaum noch so was in der Nachbarschaft. Die sehen die Sachen vielleicht noch in einem Buch. </em><br><em>Wenn ein Kind Angst hat vor dem Monster, das da draußen ruft und stampft, kannst du ihm nicht einfach sagen &#8222;die spielen nur&#8220;. Weghören und Schlafen? Das war einer der Gründe warum ich weggezogen bin. Es ist besser so.</em></p>



<p><em>2018 KW 50: Die sollen dort den Sport fördern wo auch
genug Platz ist, da gibt es ja genug Möglichkeiten: Linzer Stadion, HAKA Arena
in Traun…</em></p>

<p>Beim Sammeln der Unterschriften für den Erhalt der Waldflächen beim Waldstadion haben uns viele Bewohner und Bewohnerinnen ihre Geschichte und ihre Eindrücke geschildert. Dieses Stimmungsbild möchten wir hier widergeben, wir übernehmen jedoch keine Verantwortung für den Inhalt der Aussagen. 04.01.2019: Ich wohnte seit meiner Geburt bis 1970 hier in Wagram. Früher war es ein idyllisches &hellip; </p>
<p class="link-more"><a href="https://www.waldschutz-pasching.at/?page_id=309" class="more-link"><span class="screen-reader-text">„Meinungen aus Pasching“ </span>weiterlesen</a></p>
