{"id":447,"date":"2019-06-23T10:23:37","date_gmt":"2019-06-23T08:23:37","guid":{"rendered":"https:\/\/www.waldschutz-pasching.at\/?page_id=447"},"modified":"2019-06-23T10:35:47","modified_gmt":"2019-06-23T08:35:47","slug":"447-2","status":"publish","type":"page","link":"https:\/\/www.waldschutz-pasching.at\/","title":{"rendered":"Start"},"content":{"rendered":"\n<p><strong><a href=\"\/?page_id=18\">Unsere n\u00e4chsten Schritte:<\/a><\/strong><a href=\"\/?page_id=18\"> Unsere Forderungen<\/a><br><strong><a href=\"\/?page_id=127\">News<\/a><\/strong><a href=\"\/?page_id=127\">:  Chronologische Liste der Beitr\u00e4ge <\/a><br><strong><a href=\"\/?page_id=220\">Rund um den Wald<\/a><\/strong><a href=\"\/?page_id=220\">: R\u00fcckblick 1940 &#8211; 2017<\/a><br><strong><a href=\"\/?page_id=54\">Unser Erholungswald schrumpft<\/a><\/strong><a href=\"\/?page_id=54\">:  Auswirkungen<\/a><\/p>\n","protected":false},"excerpt":{"rendered":"<p>Unsere n\u00e4chsten Schritte: Unsere ForderungenNews: Chronologische Liste der Beitr\u00e4ge Rund um den Wald: R\u00fcckblick 1940 &#8211; 2017Unser Erholungswald schrumpft: Auswirkungen<\/p>\n","protected":false},"author":1,"featured_media":0,"parent":0,"menu_order":0,"comment_status":"closed","ping_status":"closed","template":"","meta":{"ngg_post_thumbnail":0,"footnotes":""},"class_list":["post-447","page","type-page","status-publish","hentry"],"_links":{"self":[{"href":"https:\/\/www.waldschutz-pasching.at\/index.php?rest_route=\/wp\/v2\/pages\/447","targetHints":{"allow":["GET"]}}],"collection":[{"href":"https:\/\/www.waldschutz-pasching.at\/index.php?rest_route=\/wp\/v2\/pages"}],"about":[{"href":"https:\/\/www.waldschutz-pasching.at\/index.php?rest_route=\/wp\/v2\/types\/page"}],"author":[{"embeddable":true,"href":"https:\/\/www.waldschutz-pasching.at\/index.php?rest_route=\/wp\/v2\/users\/1"}],"replies":[{"embeddable":true,"href":"https:\/\/www.waldschutz-pasching.at\/index.php?rest_route=%2Fwp%2Fv2%2Fcomments&post=447"}],"version-history":[{"count":5,"href":"https:\/\/www.waldschutz-pasching.at\/index.php?rest_route=\/wp\/v2\/pages\/447\/revisions"}],"predecessor-version":[{"id":457,"href":"https:\/\/www.waldschutz-pasching.at\/index.php?rest_route=\/wp\/v2\/pages\/447\/revisions\/457"}],"wp:attachment":[{"href":"https:\/\/www.waldschutz-pasching.at\/index.php?rest_route=%2Fwp%2Fv2%2Fmedia&parent=447"}],"curies":[{"name":"wp","href":"https:\/\/api.w.org\/{rel}","templated":true}]}}

<p><strong><a href="/?page_id=18">Unsere nächsten Schritte:</a></strong><a href="/?page_id=18"> Unsere Forderungen</a><br><strong><a href="/?page_id=127">News</a></strong><a href="/?page_id=127">:  Chronologische Liste der Beiträge </a><br><strong><a href="/?page_id=220">Rund um den Wald</a></strong><a href="/?page_id=220">: Rückblick 1940 &#8211; 2017</a><br><strong><a href="/?page_id=54">Unser Erholungswald schrumpft</a></strong><a href="/?page_id=54">:  Auswirkungen</a></p>

<p>Unsere nächsten Schritte: Unsere ForderungenNews: Chronologische Liste der Beiträge Rund um den Wald: Rückblick 1940 &#8211; 2017Unser Erholungswald schrumpft: Auswirkungen</p>
