{"id":772,"date":"2020-07-13T21:51:33","date_gmt":"2020-07-13T19:51:33","guid":{"rendered":"https:\/\/www.waldschutz-pasching.at\/?page_id=772"},"modified":"2021-09-16T11:03:10","modified_gmt":"2021-09-16T09:03:10","slug":"politik-in-pasching-erkennt-ueberraschend-extreme-waldarmut","status":"publish","type":"page","link":"https:\/\/www.waldschutz-pasching.at\/?page_id=772","title":{"rendered":"Politik in Pasching erkennt \u00fcberraschend extreme Waldarmut"},"content":{"rendered":"<p>Schon bevor die Gemeinde mit gro\u00dfer Mehrheit den Kauf des Heidewalds und die Umwidmung beim Station beschlossen hat, war Pasching mit nur noch 65 ha Wald extrem unterbewaldet (Stand 31.12.2018: <a href=\"https:\/\/www.statistik.at\/blickgem\/G0101\/g41017.pdf\" target=\"_blank\" rel=\"noopener noreferrer\">https:\/\/www.statistik.at\/blickgem\/G0101\/g41017.pdf<\/a>).<\/p>\n<p>Die Verantwortung f\u00fcr die Rodung der 26.165 m\u00b2 Wald sehen die Vertreter der Gemeinde bei anderen, so als h\u00e4tte die Politik keinerlei Einfluss auf die Raumordnung und das Eigentum der Gemeinde. Nun wird \u00fcberraschend beklagt, dass die Aufforstung als Ersatz f\u00fcr 21.677 m\u00b2 Wald nur im Bereich von etwa Leonding bis Pucking zu erfolgen hat und Pasching eventuell leer ausgeht (\u201ePaschinger Nachrichten\u201c <a href=\"https:\/\/www.facebook.com\/pasching.ooevp\/posts\/10158281087070673\" target=\"_blank\" rel=\"noopener noreferrer\">https:\/\/www.facebook.com\/pasching.ooevp\/posts\/10158281087070673<\/a>). <span style=\"display: inline !important; float: none; background-color: #ffffff; color: #333333; cursor: text; font-family: 'Libre Franklin','Helvetica Neue',helvetica,arial,sans-serif; font-size: 16px; font-style: normal; font-variant: normal; font-weight: 400; letter-spacing: normal; orphans: 2; text-align: left; text-decoration: none; text-indent: 0px; text-transform: none; -webkit-text-stroke-width: 0px; white-space: normal; word-spacing: 0px;\"><img loading=\"lazy\" decoding=\"async\" width=\"886\" height=\"931\" class=\"alignnone size-full wp-image-773\" alt=\"\" src=\"https:\/\/www.waldschutz-pasching.at\/wp-content\/uploads\/20-07-13_\u00d6VP_Paschinger-Web.jpg\" srcset=\"https:\/\/www.waldschutz-pasching.at\/wp-content\/uploads\/20-07-13_\u00d6VP_Paschinger-Web.jpg 886w, https:\/\/www.waldschutz-pasching.at\/wp-content\/uploads\/20-07-13_\u00d6VP_Paschinger-Web-285x300.jpg 285w, https:\/\/www.waldschutz-pasching.at\/wp-content\/uploads\/20-07-13_\u00d6VP_Paschinger-Web-768x807.jpg 768w\" sizes=\"auto, (max-width: 767px) 89vw, (max-width: 1000px) 54vw, (max-width: 1071px) 543px, 580px\" \/><\/span><\/p>\n<p>Dabei wird noch gar nicht ber\u00fccksichtigt, dass 1\/3 der Ersatzfl\u00e4che auch au\u00dferhalb des \u00fcber 90 km\u00b2 gro\u00dfen Bereichs um das Stadion sein kann.<\/p>\n<p><img loading=\"lazy\" decoding=\"async\" width=\"852\" height=\"806\" class=\"alignnone size-full wp-image-774\" alt=\"\" src=\"https:\/\/www.waldschutz-pasching.at\/wp-content\/uploads\/19-08-14_Rodungsbewilligung_BHLLForst-2019-7108027-S5.jpg\" srcset=\"https:\/\/www.waldschutz-pasching.at\/wp-content\/uploads\/19-08-14_Rodungsbewilligung_BHLLForst-2019-7108027-S5.jpg 852w, https:\/\/www.waldschutz-pasching.at\/wp-content\/uploads\/19-08-14_Rodungsbewilligung_BHLLForst-2019-7108027-S5-300x284.jpg 300w, https:\/\/www.waldschutz-pasching.at\/wp-content\/uploads\/19-08-14_Rodungsbewilligung_BHLLForst-2019-7108027-S5-768x727.jpg 768w\" sizes=\"auto, (max-width: 767px) 89vw, (max-width: 1000px) 54vw, (max-width: 1071px) 543px, 580px\" \/><br \/>\nTats\u00e4chlich wurde den Parteien am 15.07.2019 im Rahmen der Rodungsbewilligung die Gelegenheit zur Stellun<span style=\"display: inline !important; float: none; background-color: #ffffff; color: #333333; cursor: text; font-family: 'Libre Franklin','Helvetica Neue',helvetica,arial,sans-serif; font-size: 16px; font-style: normal; font-variant: normal; font-weight: 400; letter-spacing: normal; orphans: 2; text-align: left; text-decoration: none; text-indent: 0px; text-transform: none; -webkit-text-stroke-width: 0px; white-space: normal; word-spacing: 0px;\">gnahme gegeben \u2013 es ist jedoch keine Stellungnahme bei der Beh\u00f6rde eingelangt (siehe <\/span><a href=\"https:\/\/www.waldschutz-pasching.at\/wp-content\/uploads\/19-08-14_Rodungsbewilligung_BHLLForst-2019-7108027-VM.pdf\" target=\"_blank\" rel=\"noopener noreferrer\">Rodungsbewilligung<\/a><span style=\"display: inline !important; float: none; background-color: #ffffff; color: #333333; cursor: text; font-family: 'Libre Franklin','Helvetica Neue',helvetica,arial,sans-serif; font-size: 16px; font-style: normal; font-variant: normal; font-weight: 400; letter-spacing: normal; orphans: 2; text-align: left; text-decoration: none; text-indent: 0px; text-transform: none; -webkit-text-stroke-width: 0px; white-space: normal; word-spacing: 0px;\"> Seite 5).<\/span><\/p>\n<p>In den als sehr entgegenkommenden zu bezeichnenden Vertr\u00e4gen mit der LASK Gruppe hat es die Gemeinde verabs\u00e4umt klimaeffiziente Ma\u00dfnahmen zu ber\u00fccksichtigen. Auch bei den binnen 3 Jahren per Gemeindebeschluss vorgesehenen F\u00f6rderungen f\u00fcr die LASK Gruppe \u00fcber 600.000 EUR Steuergeld d\u00fcrfte es keine \u00fcberpr\u00fcfbaren Vorgaben f\u00fcr die Verwendung geben. Nun wird auf die Unterst\u00fctzung durch andere gehofft, um doch noch entsprechende Grundverk\u00e4ufe durch die Ortsbauern abwickeln zu k\u00f6nnen.<\/p>\n<p>Wir lassen uns \u00fcberraschen, ob die pl\u00f6tzliche Umbesinnung tats\u00e4chlich Natur und Lebensqualit\u00e4t f\u00fcr die B\u00fcrger in den Mittelpunkt stellt.<\/p>\n","protected":false},"excerpt":{"rendered":"<p>Schon bevor die Gemeinde mit gro\u00dfer Mehrheit den Kauf des Heidewalds und die Umwidmung beim Station beschlossen hat, war Pasching mit nur noch 65 ha Wald extrem unterbewaldet (Stand 31.12.2018: https:\/\/www.statistik.at\/blickgem\/G0101\/g41017.pdf). Die Verantwortung f\u00fcr die Rodung der 26.165 m\u00b2 Wald sehen die Vertreter der Gemeinde bei anderen, so als h\u00e4tte die Politik keinerlei Einfluss auf &hellip; <\/p>\n<p class=\"link-more\"><a href=\"https:\/\/www.waldschutz-pasching.at\/?page_id=772\" class=\"more-link\"><span class=\"screen-reader-text\">\u201ePolitik in Pasching erkennt \u00fcberraschend extreme Waldarmut\u201c <\/span>weiterlesen<\/a><\/p>\n","protected":false},"author":1,"featured_media":0,"parent":54,"menu_order":0,"comment_status":"closed","ping_status":"closed","template":"","meta":{"ngg_post_thumbnail":0,"footnotes":""},"class_list":["post-772","page","type-page","status-publish","hentry"],"_links":{"self":[{"href":"https:\/\/www.waldschutz-pasching.at\/index.php?rest_route=\/wp\/v2\/pages\/772","targetHints":{"allow":["GET"]}}],"collection":[{"href":"https:\/\/www.waldschutz-pasching.at\/index.php?rest_route=\/wp\/v2\/pages"}],"about":[{"href":"https:\/\/www.waldschutz-pasching.at\/index.php?rest_route=\/wp\/v2\/types\/page"}],"author":[{"embeddable":true,"href":"https:\/\/www.waldschutz-pasching.at\/index.php?rest_route=\/wp\/v2\/users\/1"}],"replies":[{"embeddable":true,"href":"https:\/\/www.waldschutz-pasching.at\/index.php?rest_route=%2Fwp%2Fv2%2Fcomments&post=772"}],"version-history":[{"count":3,"href":"https:\/\/www.waldschutz-pasching.at\/index.php?rest_route=\/wp\/v2\/pages\/772\/revisions"}],"predecessor-version":[{"id":777,"href":"https:\/\/www.waldschutz-pasching.at\/index.php?rest_route=\/wp\/v2\/pages\/772\/revisions\/777"}],"up":[{"embeddable":true,"href":"https:\/\/www.waldschutz-pasching.at\/index.php?rest_route=\/wp\/v2\/pages\/54"}],"wp:attachment":[{"href":"https:\/\/www.waldschutz-pasching.at\/index.php?rest_route=%2Fwp%2Fv2%2Fmedia&parent=772"}],"curies":[{"name":"wp","href":"https:\/\/api.w.org\/{rel}","templated":true}]}}

Politik in Pasching erkennt überraschend extreme Waldarmut

<p>Schon bevor die Gemeinde mit großer Mehrheit den Kauf des Heidewalds und die Umwidmung beim Station beschlossen hat, war Pasching mit nur noch 65 ha Wald extrem unterbewaldet (Stand 31.12.2018: <a href="https://www.statistik.at/blickgem/G0101/g41017.pdf" target="_blank" rel="noopener noreferrer">https://www.statistik.at/blickgem/G0101/g41017.pdf</a>).</p>
<p>Die Verantwortung für die Rodung der 26.165 m² Wald sehen die Vertreter der Gemeinde bei anderen, so als hätte die Politik keinerlei Einfluss auf die Raumordnung und das Eigentum der Gemeinde. Nun wird überraschend beklagt, dass die Aufforstung als Ersatz für 21.677 m² Wald nur im Bereich von etwa Leonding bis Pucking zu erfolgen hat und Pasching eventuell leer ausgeht („Paschinger Nachrichten“ <a href="https://www.facebook.com/pasching.ooevp/posts/10158281087070673" target="_blank" rel="noopener noreferrer">https://www.facebook.com/pasching.ooevp/posts/10158281087070673</a>). <span style="display: inline !important; float: none; background-color: #ffffff; color: #333333; cursor: text; font-family: 'Libre Franklin','Helvetica Neue',helvetica,arial,sans-serif; font-size: 16px; font-style: normal; font-variant: normal; font-weight: 400; letter-spacing: normal; orphans: 2; text-align: left; text-decoration: none; text-indent: 0px; text-transform: none; -webkit-text-stroke-width: 0px; white-space: normal; word-spacing: 0px;"><img loading="lazy" decoding="async" width="886" height="931" class="alignnone size-full wp-image-773" alt="" src="https://www.waldschutz-pasching.at/wp-content/uploads/20-07-13_ÖVP_Paschinger-Web.jpg" srcset="https://www.waldschutz-pasching.at/wp-content/uploads/20-07-13_ÖVP_Paschinger-Web.jpg 886w, https://www.waldschutz-pasching.at/wp-content/uploads/20-07-13_ÖVP_Paschinger-Web-285x300.jpg 285w, https://www.waldschutz-pasching.at/wp-content/uploads/20-07-13_ÖVP_Paschinger-Web-768x807.jpg 768w" sizes="auto, (max-width: 767px) 89vw, (max-width: 1000px) 54vw, (max-width: 1071px) 543px, 580px" /></span></p>
<p>Dabei wird noch gar nicht berücksichtigt, dass 1/3 der Ersatzfläche auch außerhalb des über 90 km² großen Bereichs um das Stadion sein kann.</p>
<p><img loading="lazy" decoding="async" width="852" height="806" class="alignnone size-full wp-image-774" alt="" src="https://www.waldschutz-pasching.at/wp-content/uploads/19-08-14_Rodungsbewilligung_BHLLForst-2019-7108027-S5.jpg" srcset="https://www.waldschutz-pasching.at/wp-content/uploads/19-08-14_Rodungsbewilligung_BHLLForst-2019-7108027-S5.jpg 852w, https://www.waldschutz-pasching.at/wp-content/uploads/19-08-14_Rodungsbewilligung_BHLLForst-2019-7108027-S5-300x284.jpg 300w, https://www.waldschutz-pasching.at/wp-content/uploads/19-08-14_Rodungsbewilligung_BHLLForst-2019-7108027-S5-768x727.jpg 768w" sizes="auto, (max-width: 767px) 89vw, (max-width: 1000px) 54vw, (max-width: 1071px) 543px, 580px" /><br />
Tatsächlich wurde den Parteien am 15.07.2019 im Rahmen der Rodungsbewilligung die Gelegenheit zur Stellun<span style="display: inline !important; float: none; background-color: #ffffff; color: #333333; cursor: text; font-family: 'Libre Franklin','Helvetica Neue',helvetica,arial,sans-serif; font-size: 16px; font-style: normal; font-variant: normal; font-weight: 400; letter-spacing: normal; orphans: 2; text-align: left; text-decoration: none; text-indent: 0px; text-transform: none; -webkit-text-stroke-width: 0px; white-space: normal; word-spacing: 0px;">gnahme gegeben – es ist jedoch keine Stellungnahme bei der Behörde eingelangt (siehe </span><a href="https://www.waldschutz-pasching.at/wp-content/uploads/19-08-14_Rodungsbewilligung_BHLLForst-2019-7108027-VM.pdf" target="_blank" rel="noopener noreferrer">Rodungsbewilligung</a><span style="display: inline !important; float: none; background-color: #ffffff; color: #333333; cursor: text; font-family: 'Libre Franklin','Helvetica Neue',helvetica,arial,sans-serif; font-size: 16px; font-style: normal; font-variant: normal; font-weight: 400; letter-spacing: normal; orphans: 2; text-align: left; text-decoration: none; text-indent: 0px; text-transform: none; -webkit-text-stroke-width: 0px; white-space: normal; word-spacing: 0px;"> Seite 5).</span></p>
<p>In den als sehr entgegenkommenden zu bezeichnenden Verträgen mit der LASK Gruppe hat es die Gemeinde verabsäumt klimaeffiziente Maßnahmen zu berücksichtigen. Auch bei den binnen 3 Jahren per Gemeindebeschluss vorgesehenen Förderungen für die LASK Gruppe über 600.000 EUR Steuergeld dürfte es keine überprüfbaren Vorgaben für die Verwendung geben. Nun wird auf die Unterstützung durch andere gehofft, um doch noch entsprechende Grundverkäufe durch die Ortsbauern abwickeln zu können.</p>
<p>Wir lassen uns überraschen, ob die plötzliche Umbesinnung tatsächlich Natur und Lebensqualität für die Bürger in den Mittelpunkt stellt.</p>

<p>Schon bevor die Gemeinde mit großer Mehrheit den Kauf des Heidewalds und die Umwidmung beim Station beschlossen hat, war Pasching mit nur noch 65 ha Wald extrem unterbewaldet (Stand 31.12.2018: https://www.statistik.at/blickgem/G0101/g41017.pdf). Die Verantwortung für die Rodung der 26.165 m² Wald sehen die Vertreter der Gemeinde bei anderen, so als hätte die Politik keinerlei Einfluss auf &hellip; </p>
<p class="link-more"><a href="https://www.waldschutz-pasching.at/?page_id=772" class="more-link"><span class="screen-reader-text">„Politik in Pasching erkennt überraschend extreme Waldarmut“ </span>weiterlesen</a></p>
