{"id":859,"date":"2021-05-24T08:11:22","date_gmt":"2021-05-24T06:11:22","guid":{"rendered":"https:\/\/www.waldschutz-pasching.at\/?page_id=859"},"modified":"2021-05-24T08:53:36","modified_gmt":"2021-05-24T06:53:36","slug":"restwaldkonzept-fuer-verbleibenden-waldstreifen","status":"publish","type":"page","link":"https:\/\/www.waldschutz-pasching.at\/?page_id=859","title":{"rendered":"Restwaldkonzept f\u00fcr verbleibenden Waldstreifen"},"content":{"rendered":"<p>Auf Basis des Umweltinformationsgesetzes hat uns die Forstbeh\u00f6rde das entsprechend dem Rodungsbescheid (GZ: BHLLForst-2019-71080\/27-VM) vorgeschriebene Bewirtschaftungskonzept f\u00fcr den verbleibenden Waldstreifen und die befristete Rodungsfl\u00e4che (Damm) \u00fcbermittelt (datiert mit 29.1.2021).<\/p>\n<p><a href=\"https:\/\/www.waldschutz-pasching.at\/wp-content\/uploads\/2021-01-19_Restwaldkonzept.pdf\" target=\"_blank\" rel=\"noopener\">21-01-29_Restwaldkonzept<\/a><\/p>\n<p>Wir haben eine Pr\u00fcfung durch eine fachkundige Stelle vereinbart und werden ggf. einen Verbesserungsauftrag einfordern, damit wie vorgesehen die L\u00e4rm- und Sichtschutzwirkung von diesem Pufferstreifen nachhaltig erhalten und verbessert wird.<\/p>\n","protected":false},"excerpt":{"rendered":"<p>Auf Basis des Umweltinformationsgesetzes hat uns die Forstbeh\u00f6rde das entsprechend dem Rodungsbescheid (GZ: BHLLForst-2019-71080\/27-VM) vorgeschriebene Bewirtschaftungskonzept f\u00fcr den verbleibenden Waldstreifen und die befristete Rodungsfl\u00e4che (Damm) \u00fcbermittelt (datiert mit 29.1.2021). 21-01-29_Restwaldkonzept Wir haben eine Pr\u00fcfung durch eine fachkundige Stelle vereinbart und werden ggf. einen Verbesserungsauftrag einfordern, damit wie vorgesehen die L\u00e4rm- und Sichtschutzwirkung von diesem Pufferstreifen &hellip; <\/p>\n<p class=\"link-more\"><a href=\"https:\/\/www.waldschutz-pasching.at\/?page_id=859\" class=\"more-link\"><span class=\"screen-reader-text\">\u201eRestwaldkonzept f\u00fcr verbleibenden Waldstreifen\u201c <\/span>weiterlesen<\/a><\/p>\n","protected":false},"author":1,"featured_media":0,"parent":18,"menu_order":0,"comment_status":"closed","ping_status":"closed","template":"","meta":{"ngg_post_thumbnail":0,"footnotes":""},"class_list":["post-859","page","type-page","status-publish","hentry"],"_links":{"self":[{"href":"https:\/\/www.waldschutz-pasching.at\/index.php?rest_route=\/wp\/v2\/pages\/859","targetHints":{"allow":["GET"]}}],"collection":[{"href":"https:\/\/www.waldschutz-pasching.at\/index.php?rest_route=\/wp\/v2\/pages"}],"about":[{"href":"https:\/\/www.waldschutz-pasching.at\/index.php?rest_route=\/wp\/v2\/types\/page"}],"author":[{"embeddable":true,"href":"https:\/\/www.waldschutz-pasching.at\/index.php?rest_route=\/wp\/v2\/users\/1"}],"replies":[{"embeddable":true,"href":"https:\/\/www.waldschutz-pasching.at\/index.php?rest_route=%2Fwp%2Fv2%2Fcomments&post=859"}],"version-history":[{"count":3,"href":"https:\/\/www.waldschutz-pasching.at\/index.php?rest_route=\/wp\/v2\/pages\/859\/revisions"}],"predecessor-version":[{"id":867,"href":"https:\/\/www.waldschutz-pasching.at\/index.php?rest_route=\/wp\/v2\/pages\/859\/revisions\/867"}],"up":[{"embeddable":true,"href":"https:\/\/www.waldschutz-pasching.at\/index.php?rest_route=\/wp\/v2\/pages\/18"}],"wp:attachment":[{"href":"https:\/\/www.waldschutz-pasching.at\/index.php?rest_route=%2Fwp%2Fv2%2Fmedia&parent=859"}],"curies":[{"name":"wp","href":"https:\/\/api.w.org\/{rel}","templated":true}]}}

Restwaldkonzept für verbleibenden Waldstreifen

<p>Auf Basis des Umweltinformationsgesetzes hat uns die Forstbehörde das entsprechend dem Rodungsbescheid (GZ: BHLLForst-2019-71080/27-VM) vorgeschriebene Bewirtschaftungskonzept für den verbleibenden Waldstreifen und die befristete Rodungsfläche (Damm) übermittelt (datiert mit 29.1.2021).</p>
<p><a href="https://www.waldschutz-pasching.at/wp-content/uploads/2021-01-19_Restwaldkonzept.pdf" target="_blank" rel="noopener">21-01-29_Restwaldkonzept</a></p>
<p>Wir haben eine Prüfung durch eine fachkundige Stelle vereinbart und werden ggf. einen Verbesserungsauftrag einfordern, damit wie vorgesehen die Lärm- und Sichtschutzwirkung von diesem Pufferstreifen nachhaltig erhalten und verbessert wird.</p>

<p>Auf Basis des Umweltinformationsgesetzes hat uns die Forstbehörde das entsprechend dem Rodungsbescheid (GZ: BHLLForst-2019-71080/27-VM) vorgeschriebene Bewirtschaftungskonzept für den verbleibenden Waldstreifen und die befristete Rodungsfläche (Damm) übermittelt (datiert mit 29.1.2021). 21-01-29_Restwaldkonzept Wir haben eine Prüfung durch eine fachkundige Stelle vereinbart und werden ggf. einen Verbesserungsauftrag einfordern, damit wie vorgesehen die Lärm- und Sichtschutzwirkung von diesem Pufferstreifen &hellip; </p>
<p class="link-more"><a href="https://www.waldschutz-pasching.at/?page_id=859" class="more-link"><span class="screen-reader-text">„Restwaldkonzept für verbleibenden Waldstreifen“ </span>weiterlesen</a></p>
